80 = -0*q. Let k = 3 - -5. Calculate the remainder when k is divided by (-62)/(-10) + 4/q.
2
Let m = 6 - 10. Let o be 1/m*-4*-8. Let d(v) = v**2 + 8*v + 12. Calculate the remainder when 21 is divided by d(o).
9
Let f = 11 + -1. Suppose 4*x - 13 = -5. Suppose 3*n - 16 + 60 = p, p - x*n - 39 = 0. What is the remainder when p is divided by f?
9
Let p(h) = 9*h + 1. Calculate the remainder when p(3) is divided by 16.
12
Let f(m) = 65*m**2 + 3*m + 4. Calculate the remainder when f(-1) is divided by 23.
20
Suppose -66 = -3*l - j, -l + 0*l = -4*j - 35. What is the remainder when 55 is divided by l?
9
Calculate the remainder when 49/((6/(-10))/(162/(-90))) is divided by 11.
4
Suppose -4*f + 4*o = -56, -4*f + 20 = 3*o - 8. What is the remainder when 59 is divided by f?
9
Let h = -212 + 588. Suppose 3*j = -j + h. Calculate the remainder when j is divided by 24.
22
Suppose -a - 54 = 2*o - 4*o, 84 = 4*o + 4*a. Suppose 3*h = 3*y + 54, -y + 15 - 46 = -2*h. Calculate the remainder when o is divided by h.
12
Let q be 2 - (4 - (53 + 4)). Suppose f - q = -4*b, -2*b + 11 = -3*f - 34. What is the remainder when 29 is divided by b?
14
Let y = 1033 + -1021. Let p(g) = 12*g - 2. What is the remainder when p(2) is divided by y?
10
Let y(w) be the second derivative of w**4/12 + 2*w**3/3 + 17*w**2/2 - 4*w - 1. What is the remainder when 141 is divided by y(-6)?
25
Suppose -2*c - 4*g + 14 = 3*c, 2*c = -3*g + 7. Suppose 4*s - 3*a = 13, a + 0 - 21 = -5*s. What is the remainder when -2*(-8 - (-2)/c) is divided by s?
2
Suppose 0 = 9*w - 11*w - 4. Calculate the remainder when 29 is divided by (-4)/(10/(-4) - w).
5
Suppose 5*h - 8 = 2. Suppose 5*p - h*p - 207 = 0. Suppose 29 = 5*n - 61. Calculate the remainder when p is divided by n.
15
Let v = 500 + -471. Calculate the remainder when 405 is divided by v.
28
Suppose 51*f - 53*f + 68 = 0. Suppose 4*d = 62 + f. Calculate the remainder when 95 is divided by d.
23
Let a(z) = 9*z + 8. Let b(h) = 9*h + 8. Let p(f) = -7*a(f) + 6*b(f). Let j = -64 + 78. What is the remainder when p(-7) is divided by j?
13
Suppose 0 = 5*b - 4*l - 5531, -4*l - 1789 + 670 = -b. What is the remainder when b is divided by 12?
11
Suppose 0*w = w + 4*z, -2*w = 5*z - 9. Calculate the remainder when (17/(-51))/(2/6) - -35 is divided by w.
10
Suppose -5 = g - 9. Suppose -3*h + 5 = -5*z, -3*h - 7 = -z - g*h. Suppose -b - z*n = 6 - 48, 4*b - 3*n = 146. What is the remainder when b is divided by 10?
8
Let s = -12 - 0. Let g = -4 - s. Calculate the remainder when 37 is divided by g.
5
Let s = -18 + 21. Let r(m) = 7*m + 44. What is the remainder when s is divided by r(-6)?
1
Let l be (1 + (-130)/(-4))*4. Suppose -i + 18 = -3*f, -5*i - f + l = -5*f. Let z = 43 - i. Calculate the remainder when z is divided by 5.
3
Let n(u) = -34*u**2 + 9*u - 33. Let t(c) = c**3 + 169*c**2 - 46*c + 166. Let o(y) = 11*n(y) + 2*t(y). Calculate the remainder when o(18) is divided by 24.
23
Suppose -u - 14 = -4*g, -4*u - 5*g = -5*u - 18. Let q be (3/(-5) - -1)*(-5 + 10). Suppose -p = q*p - 18. What is the remainder when p is divided by u?
0
Suppose 0 = -3*u + 26 - 5. Suppose -9 - 12 = -u*s. Let g(p) = -p - 5. What is the remainder when s is divided by g(-6)?
0
Suppose -18*z - 1635 = -33*z. Calculate the remainder when z is divided by 32.
13
Let c(z) = 8*z - 1. Suppose 5*i + 4 + 21 = 0. Let a be c(i). Let m = 58 + a. What is the remainder when m is divided by 9?
8
Let s = -581 - -1755. What is the remainder when s is divided by 62?
58
Suppose 24 = 5*u - 0*v - 3*v, 18 = 5*u - v. Suppose -u*a - a + 86 = 2*x, 5*x + 27 = a. Let r = 67 - 2. Calculate the remainder when r is divided by a.
21
Let x be (1*-1)/(29 + -30). What is the remainder when 8 + -4 + 3/x is divided by 3?
1
Suppose 0 = -2*n - 6*n - 96. Let u(m) = -m**2 - 18*m - 7. Calculate the remainder when u(n) is divided by 17.
14
Let c(k) = -20*k - 18. What is the remainder when c(-17) is divided by 13?
10
Let l be ((-24)/36)/((-2)/3). Calculate the remainder when 21 is divided by (-5 + 6)/(l/13).
8
What is the remainder when 60 is divided by ((-1272)/(-96))/(-2*(-3)/24)?
7
Suppose 2*g = 18 + 6. Let i(y) = 7*y + 5. What is the remainder when i(g) is divided by 32?
25
Let f(b) = b**3 + 10*b**2 + 8*b. Suppose 0 = 4*c - 5*q + 7, 4*c = -0*c + 3*q - 9. Calculate the remainder when f(-9) is divided by (12/(-8))/c*6.
0
Let f = -34 - -35. Let h(g) = 26*g**2. Calculate the remainder when 76 is divided by h(f).
24
Let u = -190 - -253. What is the remainder when 188 is divided by u?
62
Let z = 50 + 9. Let t be 0*(-1)/(-2)*-2. Suppose 5*r - s - 70 = t, -4*r + 2*s = r - 65. Calculate the remainder when z is divided by r.
14
Suppose 178 = 2*w - 34. Calculate the remainder when w is divided by 54.
52
Suppose 5*v = -a + 104 + 78, -3*a - 102 = -3*v. Let z = -26 + 39. What is the remainder when z is divided by v/(8 + -4) - 1?
5
Let t = 18 - 23. Calculate the remainder when (4 - 4*t) + 0 is divided by 13.
11
Let x be (-4 - 8)/(-4) - -69. Suppose 10*w + x = 14*w. What is the remainder when 50 is divided by w?
14
Let m(w) = w**2 - w. Let s(t) = -10*t + 7. Let k(o) = -m(o) + s(o). Let u be k(-10). Calculate the remainder when 8 + u + -1 + 1 is divided by 3.
2
What is the remainder when (574 + -1)*(10/15)/2 is divided by 25?
16
Suppose -3*t + 29 = -2*m - 4, -m - 10 = -t. Let b = 10 - 6. Calculate the remainder when t is divided by b.
1
Calculate the remainder when 87 is divided by ((-558)/(-4))/3 - (-1)/(-2).
41
Let w be 9/3 + 1/1. Let f = w - 2. Let y(d) = d**3 + 6*d**2 - 16*d + 2. Calculate the remainder when y(-8) is divided by f.
0
Suppose -3*w - 78 = -w. Let b be (-162)/w + (-4)/26. Suppose 98 = 2*q + b*x - 7*x, -4*x = 8. What is the remainder when q is divided by 12?
10
Let d = 7 + -19. Suppose s + 7 = -y + 35, s = 5*y - 140. Let b = d + y. Calculate the remainder when 30 is divided by b.
14
Let z = 217 - 121. Suppose 2*l + 5*k = 138, 5*l - z - 183 = 4*k. What is the remainder when l is divided by 15?
14
Suppose 0 = 4*b + 5*k - 82, 4*b - k + 48 = 142. Calculate the remainder when 434 is divided by b.
20
Let n(r) be the second derivative of r**4/6 + 4*r**3/3 + 9*r**2/2 - 4*r. Let s be n(-4). Let o = 37 - s. Calculate the remainder when o is divided by 15.
13
Suppose 4*q - 44 = -24. Suppose 0*a - 2*a = -5*c - 9, 5*c - 15 = 0. What is the remainder when a is divided by q?
2
Let s(t) = -35*t**3 + 2*t**2 - 1. Let h be s(-1). What is the remainder when 17 is divided by 72/h + 14/(1*2)?
8
Let u = -36 + 43. Suppose -u*n = -n - 558. What is the remainder when n is divided by 24?
21
Suppose 1 = -87*w + 88*w, -2*f = 4*w - 20. What is the remainder when 76 is divided by f?
4
Suppose 5*f + 458 - 873 = 0. Let m = -68 - -96. What is the remainder when f is divided by m?
27
Let g(p) = 15*p**2 - 59*p + 59. What is the remainder when 1466 is divided by g(1)?
11
Let s = 1795 + -1791. Let a(z) = -z**2 - 7*z - 7. Calculate the remainder when s is divided by a(-5).
1
Let x = 120 - 81. Calculate the remainder when 425 is divided by x.
35
Let w(t) = 42*t**3 + t**2 + t - 1. Let p(c) = c**3 - 6*c**2 - 6*c - 6. Let j be p(7). Calculate the remainder when w(j) is divided by 11.
10
Suppose -23 = -x - 5*j, x + 2 = 4*j - 2. Suppose -x*m = -503 + 127. Calculate the remainder when m is divided by 8.
7
Let y = 1027 - 1011. Calculate the remainder when y is divided by 9.
7
Suppose -8 = 2*d, -3*d - 6 = -2*u - 310. What is the remainder when 81 + -6 + 1*4 is divided by (-9)/(-36) - u/8?
19
Let u(k) be the second derivative of -k**4/12 + k**3/2 - k**2/2 - 7*k. Let c be u(2). Calculate the remainder when 69 is divided by (-1*c)/((-4)/72).
15
Let x(t) = 19*t**3 + 2*t**2 - 3*t + 2. Let z(r) = -r**3 - 6*r**2 + 5*r + 1. Let s be z(-7). Let j = s - 14. What is the remainder when 39 is divided by x(j)?
19
Let x = -6 - -34. What is the remainder when 54 is divided by x?
26
Let z(f) = 21*f - 353. Calculate the remainder when z(25) is divided by 70.
32
Let h = 22 - 6. Let l(c) = c**3 + 7*c**2 - 7*c + 8. Let o be l(-8). Let u = o + 7. Calculate the remainder when h is divided by u.
2
Let j(h) = h**3 - 20*h**2 + 104*h - 3. What is the remainder when j(9) is divided by 46/4*(1 - -1)?
19
Let d be (-2 + (-17)/(-4))/(3/32). What is the remainder when 36 is divided by 20/6*d/10?
4
Let n(o) = o**2 + o - 